alue of (-3 - -9) + -6 + -2 + 1?
-1
-1 - (1 - (-4 + (16 - 7)))
3
What is (2 - (4 + -6) - 4) + -2?
-2
What is the value of 7 - 15 - -16 - 1?
7
Calculate (4 - 6) + -1 + 0 - -1.
-2
Calculate -2 - (0 - (6 - (-3 - -8))).
-1
Evaluate 9 + (-21 - (-10 + 3)).
-5
Calculate -3 + (-6 - -5) + 8.
4
Calculate -2 - -1 - (24 - 30).
5
What is -1 + -6 - -6 - -4?
3
7 + -3 + (-7 - -4)
1
Calculate 10 - -1 - (-9 + 17).
3
What is 2 + -7 + (3 + 2 - 1)?
-1
What is -2 - (3 + -6) - 0?
1
Calculate -5 + (2 + 3 - 2).
-2
What is the value of 3 + (-5 + -5 - -6)?
-1
Evaluate 3 - (-9 + 18 + (-3 - 1)).
-2
Calculate -14 - -16 - 7 - -7.
2
6 - -2 - (15 + -9)
2
1 + (10 - 7) + -11
-7
What is -1 - (1 - 3) - (-31 + 27)?
5
Evaluate -3 + -1 - (-5 + -2).
3
Evaluate -24 + 26 - (2 + 3 - 3).
0
Evaluate (5 - 5) + 3 + -3 + 3.
3
Evaluate 33 - 30 - (-1 + -1).
5
What is the value of -2 + -9 - (7 + -14)?
-4
What is the value of 2 + -4 + -3 + -1?
-6
Calculate (1 + (-2 - 4) - -1) + 1.
-3
What is the value of 1 - (0 - (-1 + -2))?
-2
-1 - -1 - (5 - 2 - 0)
-3
7 + (-7 - -3) - -1
4
What is -5 - -7 - (-4 + 3)?
3
Calculate -8 - ((-10 - -1) + 6).
-5
Evaluate 3 + 0 + (4 - 12).
-5
Evaluate (-2 - -7) + -12 + 0 - -2.
-5
What is (-5 - (2 + -3 + -14)) + -3?
7
What is -3 - ((9 - 3) + -6)?
-3
What is the value of 4 - (-8 - -9 - -3)?
0
What is the value of 6 - (-5 - -3 - -6) - 3?
-1
What is the value of (-2 - 1) + 1 + -5?
-7
Calculate (-4 - (-1 - 0)) + 1 - -2.
0
Evaluate -1 + (0 - (-1 - -3 - -2)).
-5
Evaluate -2 - -3 - (0 - (0 + -1)).
0
Calculate (7 + -2 - 5) + (-1 - 1).
-2
What is the value of 0 + -2 + (26 - 21)?
3
What is the value of 16 + -9 + (1 - (1 - -2))?
5
(-5 - (4 - 5)) + (-4 - -8)
0
Evaluate (-4 - -7 - (-1 + 0)) + -2.
2
What is the value of (-2 - (7 - -1)) + (-10 - -13)?
-7
What is 2 + (5 - 13) + 12?
6
What is (-5 - 0 - 1) + 6?
0
What is the value of 9 - ((24 - 10) + 1)?
-6
What is the value of 2 - (9 + -3) - (-10 - -13)?
-7
What is the value of (6 + -5 - -4) + -9?
-4
-19 - -17 - (-7 - -5)
0
(7 - 9) + -1 + 1 - -1
-1
What is the value of 3 - 0 - (2 + -2)?
3
-4 - (-7 + 1 + -3 + 5)
0
What is the value of 8 + (2 - 4) - 12 - -10?
4
-2 - (3 - 1 - 2 - 3)
1
Evaluate -2 - (0 - -1 - -2).
-5
What is (-1 - 0) + (1 - 5 - -5)?
0
What is 0 + -1 + (5 - (13 + -6))?
-3
What is the value of 1 + 0 - (-4 + 7)?
-2
Calculate 2 + 3 + 0 + (2 - 11).
-4
Evaluate (-2 - -11) + -5 - (0 + -1).
5
What is 0 + (19 - 12 - (1 + 1))?
5
Evaluate -1 - (-5 + -2 + 4).
2
Calculate -4 - (0 - ((0 - -1) + 2)).
-1
Calculate 2 + 0 + (-3 - 0) + -1.
-2
What is the value of -4 + -6 + 23 + -20?
-7
What is -3 - (-5 - (1 - (-3 - -8)))?
-2
What is the value of -1 + 8 - (1 - -9)?
-3
What is the value of (0 - 1) + -2 + (5 - 5)?
-3
Evaluate 2 + -8 + 11 - (7 - -2).
-4
Calculate (0 - -1) + (6 - 1) + -4.
2
What is (18 - 2) + -29 + 8 + 14?
9
What is the value of -1 + 3 + -41 + 32?
-7
-11 - (15 - 29) - (-2 - 0)
5
What is the value of -6 + 0 + (8 + -15 - -16)?
3
What is 0 - (0 + (-2 - -4 - -2))?
-4
Calculate 8 - (-3 + 9 - 3).
5
What is the value of -4 - (-2 + 2 + -6)?
2
What is 0 + -1 + 3 + -3?
-1
-6 - (-5 + 1 + 4)
-6
Evaluate 3 + -2 - (-4 - (-1 - 3)).
1
Evaluate 3 + (6 - 5) + -5.
-1
Evaluate 5 - 7 - (0 - 2 - -5).
-5
4 - (4 - (2 - 3))
-1
Calculate -11 + (-17 - -35) - (1 - -3).
3
Calculate -3 - (-3 + 2 + (-6 - 1)).
5
Calculate -11 + 5 + 5 - -4.
3
3 - (-6 + 2 - -6 - -1)
0
(5 + 2 - 1) + (7 - 10)
3
What is the value of 63 + -67 - (-1 + -1)?
-2
Calculate 1 - (-1 + -1) - (-2 - -3).
2
Calculate 12 - (8 - -2) - 10.
-8
What is 1 - 7 - (-4 - -10 - 9)?
-3
1 - (-3 + (-5 - -13))
-4
Calculate (-9 - -5) + (0 - (-3 - -1)).
-2
(-4 - -7) + -2 + 0
1
Calculate -1 + (6 - (6 - (0 + 2))).
1
Calculate -6 - (-3 + 0 + 1).
-4
10 + -7 - (5 + -9 + 3)
4
What is the value of (13 - 17) + (-1 + 1 - -4)?
0
Evaluate 5 + 6 + -15 + 1 + 1.
-2
-4 + -2 + (-2 - (6 + -10))
-4
What is -1 - (-5 + 5 - 6)?
5
Calculate 5 - (1 + 0 + 5 + 0).
-1
Evaluate 24 + -31 + 0 + 11.
4
-3 - (-12 + (7 - 3))
5
Calculate (-10 - -13) + -1 + 0 - -1.
3
Evaluate -10 + 5 + 1 + -4.
-8
Calculate -8 - (2 + 11 + -16).
-5
What is (0 - -2) + 6 + (-6 - 0)?
2
What is the value of 2 + -4 + (-9 - (-4 - 3))?
-4
Calculate (2 - 6) + -20 + 18.
-6
-46 + 48 - (-1 + 2)
1
Evaluate 1 + (-1 - 1) - (19 - 16).
-4
Evaluate -1 - (0 + -2 - (-23 - -21)).
-1
Evaluate 10 - 3 - ((-8 - -6) + 7).
2
What is the value of -3 + 1 + -1 + 2?
-1
(-1 - (-9 + 10)) + 5
3
Evaluate (-3 - (-1 - 12)) + -5.
5
Calculate 2 + -3 + 5 + -4 + -6.
-6
What is the value of 23 - 24 - (1 + (-5 - 1))?
4
Evaluate 4 + (6 - 0 - 15).
-5
(0 - 5 - -6) + 0
1
1 + 1 + -47 + 51 + -5
1
What is -3 + -4 + 7 + -6 + 4?
-2
What is the value of (-5 + 9 - 2) + 3?
5
-4 + 4 + -2 + 1
-1
-95 + 83 - (-1 - 8)
-3
Evaluate -170 + 172 - (2 + (-1 - -2)).
-1
What is the value of -6 + 4 + -1 + 0 + 1?
-2
3 + -20 + (11 - 2)
-8
What is -3 + 1 - -3 - (3 - 1)?
-1
What is the value of -2 - -3 - -3 - (9 - -1)?
-6
What is (-4 - ((9 - 5) + -12)) + -6?
-2
What is the value of -6 + -1 - (-3 - 2)?
-2
What is -7 - ((-9 - -5) + -7)?
4
What is -8 - (-3 + 3) - -3?
-5
What is the value of (-2 - 3) + 6 + (-6 - -6)?
1
Calculate -12 - (0 + -10 + -5).
3
What is 1 + -2 + 3 + 2 + 1?
5
Calculate 12 - (-4 + 7) - 9.
0
Evaluate 2 + (-31 + 23 - (2 - 1)).
-7
Evaluate 1 - 6 - -3 - (-5 + 2).
1
What is the value of 3 - (6 + -4) - (-3 + 0)?
4
What is the value of -4 - (-6 + 0 - -3 - -3)?
-4
What is -2 - (2 - (-1 + 8 + -2))?
1
What is -1 - (-7 - (-15 - -13))?
4
3 + (-3 - 0 - 2) + 3
1
Evaluate -8 - (-6 + 1 + 2).
-5
What is the value of -4 + 8 + (23 - 26)?
1
What is 3 + 25 + -33 - (1 + 1)?
-7
Evaluate 3 + -3 - (0 + (-6 - -4)).
2
What is the value of -5 - (-4 - (-2 + -2))?
-5
Calculate -10 + 7 + (1 - -8 - 3).
3
Evaluate (-5 - -6 - 3) + 10.
8
What is the value of 11 + -5 + -24 + 8?
-10
(8 - (5 - 1)) + -1
3
Calculate 1 - ((10 - -1) + -5) - 1.
-6
What is the value of (0 - -4 - (5 - -1)) + 2?
0
Calculate 1 + -1 + (-3 - (3 + -6)).
0
What is (-3 - (6 - 4)) + 3?
-2
10 + (-16 - -11 - 12)
-7
-2 + (8 - (-2 - -6))
2
3 - -7 - (9 - 5) - 2
4
What is (5 - (2 + 2) - -1) + 3?
5
Calculate 3 + 0 - (-8 + 8).
3
What is the value of -2 + -1 + -1 + 0 + 6?
2
Calculate -13 + (3 - (1 - 6)).
-5
-7 + (4 - (-7 - 0))
4
4 + -1 - (-6 - (3 + -2))
10
Calculate (5 - (-2 + 3)) + -2.
2
0 + 3 + -2 - (-107 - -103)
5
Calculate -2 - (4 - (-2 - -7)).
-1
What is -7 - (1 + -7 + 14 + -20)?
5
What is the value of -5 + (-1 - -7) + -5?
-4
What is the value of 3 - (3 - -8) - -2?
-6
14 - 18 - (-1 - 3)
0
What is 0 + (9 - 9) + -2?
-2
What is the value of 9 + 28 + -25 + (-9 - 0)?
3
What is the value of 10 - 6 - 6 - 5?
-7
-7 - (5 + -14 + 5)
-3
What is the value of -4 - -1 - (-36 + 28)?
5
5 + -2 + -15 + -3 + 12
-3
Evaluate (1 - 3) + 1 - -4 - 8.
-5
0 - -8 - (-36 + 37)
7
What is 1 + (5 - 4) - 7?
-5
What is the value of 2 + 1 - (5 - 0) - -3?
1
Evaluate 5 + (8 - (5 - -2)).
6
-9 + 0 + (3 - -1)
-5
Evaluate -3 + -4 + 44 + -34.
3
What is (2 - -2) + 3 - (3 - 1)?
5
-82 + 94 + -4 + 1
9
What is the value of (2 - -10) + (-6 + 4 - 5)?
5
-1 + (-14 + 17 - (0 + 2))
0
Evaluate -1 - (2 - 1 - (-2 + 5)).
1
What is the value of 6 - (2 + -1) - (-4 - -4)?
5
What is the value of 1 - (-1 + (-4 - -1))?
5
-15 + 7 - (-12 + (2 - 1))
3
What is the value of (3 - ((-2 - 3) + 1)) + -3?
4
-3 + (2 - (1 - 1))
-1
Evaluate -6 + 5 + 0 + 4.
3
0 - -7 - (-41 - -40)
8
Calculate 9 + -9 + 5 - (3 + -1).
3
What is the value of -3 + 5 + 1 + -4?
-1
Calculate (4 - (4 - 8 - -5)) + -5.
-2
What is the value of -2 - (-3 + 10 + -5) - -10?
6
What is the value of -31 + 23 + -12 - -11?
-9
4 - (5 + -6 + 3) - -6
8
Calculate -3 - (-2 + 5 + -2).
-4
What is the value of -3 + 1 + 3 + (9 - 7)?
3
What is the value of -5 + (3 - (-4 + (-6 - -10)))?
-2
Calculate 2 - 0 - (-2 + -1).
5
Calculate (-4 - -7 - 10) + 1.
-6
Calculate -1 - ((8 + -2 - 7) + -3).
3
Calculate -5 + -2 + (10 - 4) + -4.
-5
-13 - (-10 + 0 - -3)
-6
6 - 6 - (6 - 4 - 0)
-2
Calculate 0 - (13 - (8 + -1)).
-6
Calculate 3 + 3 + -2 + 4 + -4.
4
Evaluate 2 + -1 - ((-8 - -2) + 2).
5
What is the value of 17 - (19 - (8 + 2))?
8
What is the value of 3 + -4 + 5 - 3 - 6?
-5
What is the value of (7 - (3 - -8)) + 2?
-2
Calculate (3 - (-1 + 3)) + 2 + 6.
9
What is the value of -2 + 1 - (14 + -20)?
5
Calculate -10 + (-4 - (-8 + (-6 - -4))).
-4
What is the value of -10 - -4 - -3 - -1?
-2
What is (-6 + 2 - -6) + 2?
4
Evaluate -4 - (